{"id":742,"date":"2024-08-29T09:31:50","date_gmt":"2024-08-29T09:31:50","guid":{"rendered":"https:\/\/www.laviadelafotografia.com\/?page_id=742"},"modified":"2024-08-30T18:34:55","modified_gmt":"2024-08-30T18:34:55","slug":"nivel-i","status":"publish","type":"page","link":"https:\/\/www.laviadelafotografia.com\/index.php\/nivel-i\/","title":{"rendered":"Nivel I de la V\u00eda"},"content":{"rendered":"<p>[et_pb_section fb_built=\u00bb1&#8243; _builder_version=\u00bb4.16&#8243; background_color=\u00bb#eedbc5&#8243; global_colors_info=\u00bb{}\u00bb][et_pb_row _builder_version=\u00bb4.16&#8243; _module_preset=\u00bbdefault\u00bb global_colors_info=\u00bb{}\u00bb][et_pb_column type=\u00bb4_4&#8243; _builder_version=\u00bb4.16&#8243; _module_preset=\u00bbdefault\u00bb global_colors_info=\u00bb{}\u00bb][et_pb_text _builder_version=\u00bb4.27.0&#8243; text_font_size=\u00bb31px\u00bb background_color=\u00bb#752b77&#8243; custom_padding=\u00bb15px||15px||false|false\u00bb hover_enabled=\u00bb0&#8243; border_width_all=\u00bb3px\u00bb border_color_all=\u00bb#FFFFFF\u00bb global_colors_info=\u00bb{}\u00bb sticky_enabled=\u00bb0&#8243;]<\/p>\n<p style=\"text-align: center;\"><strong><span style=\"color: #ffffff;\">Formaci\u00f3n en \u00abla V\u00eda de la Fotograf\u00eda\u00bb<br \/><\/span><\/strong><\/p>\n<p>[\/et_pb_text][et_pb_text _builder_version=\u00bb4.27.0&#8243; text_font_size=\u00bb31px\u00bb background_color=\u00bb#5e4596&#8243; custom_padding=\u00bb15px||15px||false|false\u00bb border_width_all=\u00bb3px\u00bb border_color_all=\u00bb#FFFFFF\u00bb global_colors_info=\u00bb{}\u00bb]<\/p>\n<p style=\"text-align: center;\"><strong><span style=\"color: #ffffff;\">Nivel I<br \/><\/span><\/strong><\/p>\n<p>[\/et_pb_text][\/et_pb_column][\/et_pb_row][et_pb_row _builder_version=\u00bb4.16&#8243; background_size=\u00bbinitial\u00bb background_position=\u00bbtop_left\u00bb background_repeat=\u00bbrepeat\u00bb global_colors_info=\u00bb{}\u00bb][et_pb_column type=\u00bb4_4&#8243; _builder_version=\u00bb4.16&#8243; custom_padding=\u00bb|||\u00bb global_colors_info=\u00bb{}\u00bb custom_padding__hover=\u00bb|||\u00bb][et_pb_text _builder_version=\u00bb4.27.0&#8243; text_font_size=\u00bb18px\u00bb background_color=\u00bb#33797f\u00bb background_size=\u00bbinitial\u00bb background_position=\u00bbtop_left\u00bb background_repeat=\u00bbrepeat\u00bb custom_padding=\u00bb30px|30px|25px|30px|false|false\u00bb border_width_all=\u00bb3px\u00bb border_color_all=\u00bb#FFFFFF\u00bb global_colors_info=\u00bb{}\u00bb]<\/p>\n<p><span style=\"color: #ffffff;\">Inspirados por las llamadas artes zen hemos preparado un curso de formaci\u00f3n basado en el libro \u201cLa V\u00eda de la Fotograf\u00eda\u201d. Una de las principales ense\u00f1anzas zen es que el conocimiento no se adquiere a trav\u00e9s de los libros sino viviendo la experiencia. Hacer y leer nuestras fotograf\u00edas, con la conciencia de todo lo que nos pasa en el proceso, provoca una vivencia muy particular porque normalmente nosotros no vemos absolutamente nada\u00a0 ya que no prestamos atenci\u00f3n. Cuando estamos presentes, el mundo y todo lo que contiene se vuelve mucho m\u00e1s interesante y adquiere m\u00e1s viveza. El color, la luz y los dem\u00e1s elementos que componen la percepci\u00f3n atraen nuestra mirada como<br \/>si fu\u00e9ramos ni\u00f1os inocentes.<\/span><\/p>\n<p>[\/et_pb_text][\/et_pb_column][\/et_pb_row][et_pb_row column_structure=\u00bb1_2,1_2&#8243; use_custom_gutter=\u00bbon\u00bb gutter_width=\u00bb2&#8243; _builder_version=\u00bb4.27.0&#8243; _module_preset=\u00bbdefault\u00bb global_colors_info=\u00bb{}\u00bb][et_pb_column type=\u00bb1_2&#8243; _builder_version=\u00bb4.27.0&#8243; _module_preset=\u00bbdefault\u00bb global_colors_info=\u00bb{}\u00bb][et_pb_image src=\u00bbhttps:\/\/www.laviadelafotografia.com\/wp-content\/uploads\/2024\/08\/Assumpta-Llobet-09-nombre-700px.jpg\u00bb title_text=\u00bbAssumpta-Llobet-09-nombre-700px\u00bb _builder_version=\u00bb4.27.0&#8243; _module_preset=\u00bbdefault\u00bb border_color_all=\u00bb#FFFFFF\u00bb box_shadow_style=\u00bbpreset1&#8243; global_colors_info=\u00bb{}\u00bb][\/et_pb_image][\/et_pb_column][et_pb_column type=\u00bb1_2&#8243; _builder_version=\u00bb4.27.0&#8243; _module_preset=\u00bbdefault\u00bb global_colors_info=\u00bb{}\u00bb][et_pb_image src=\u00bbhttps:\/\/www.laviadelafotografia.com\/wp-content\/uploads\/2024\/08\/Maribel-Martinez-30-700px.jpg\u00bb title_text=\u00bbMaribel-Martinez-30-700px\u00bb _builder_version=\u00bb4.27.0&#8243; _module_preset=\u00bbdefault\u00bb border_color_all=\u00bb#FFFFFF\u00bb box_shadow_style=\u00bbpreset1&#8243; global_colors_info=\u00bb{}\u00bb][\/et_pb_image][\/et_pb_column][\/et_pb_row][et_pb_row _builder_version=\u00bb4.16&#8243; background_size=\u00bbinitial\u00bb background_position=\u00bbtop_left\u00bb background_repeat=\u00bbrepeat\u00bb global_colors_info=\u00bb{}\u00bb][et_pb_column type=\u00bb4_4&#8243; _builder_version=\u00bb4.16&#8243; custom_padding=\u00bb|||\u00bb global_colors_info=\u00bb{}\u00bb custom_padding__hover=\u00bb|||\u00bb][et_pb_text _builder_version=\u00bb4.27.0&#8243; text_font_size=\u00bb18px\u00bb background_color=\u00bb#683548&#8243; background_size=\u00bbinitial\u00bb background_position=\u00bbtop_left\u00bb background_repeat=\u00bbrepeat\u00bb custom_padding=\u00bb30px|30px|25px|30px|false|false\u00bb border_width_all=\u00bb3px\u00bb border_color_all=\u00bb#FFFFFF\u00bb global_colors_info=\u00bb{}\u00bb]<\/p>\n<p><span style=\"color: #ffffff;\">Para eso tenemos que dejar de lado toda una serie de emociones que nos perturban y distorsionan la experiencia natural de ver. Seguramente la m\u00e1s importante es el juicio negativo sobre nuestras fotos o las de los compa\u00f1eros.<br \/>Sin compararnos con los dem\u00e1s, nuestra creatividad est\u00e1 protegida. Reconocemos como v\u00e1lida nuestra forma particular de expresarnos. Es un placer acompa\u00f1ar a cada alumno en este camino.<br \/><\/span><span style=\"color: #ffffff;\">En el proceso de reconocer esas emociones es importante juntar la pr\u00e1ctica fotogr\u00e1fica con algunas formas sencillas de meditaci\u00f3n que nos ayudan a estar presentes y centrados para conectar con lo que Minor White dec\u00eda que era el centro de la creatividad, el punto inm\u00f3vil.<br \/><\/span><span style=\"color: #ffffff;\">Este aprendizaje no solo nos sirve para hacer fotograf\u00edas m\u00e1s aut\u00e9nticas. Tambi\u00e9n tiene incidencia en nuestra vida.<br \/>Si vemos a las personas que nos rodean tendremos relaciones m\u00e1s plenas con ellas y sabremos comunicarnos mejor.<\/span><\/p>\n<p><span style=\"color: #ffffff;\"><\/span><\/p>\n<p>[\/et_pb_text][\/et_pb_column][\/et_pb_row][et_pb_row column_structure=\u00bb1_2,1_2&#8243; use_custom_gutter=\u00bbon\u00bb gutter_width=\u00bb2&#8243; _builder_version=\u00bb4.27.0&#8243; _module_preset=\u00bbdefault\u00bb global_colors_info=\u00bb{}\u00bb][et_pb_column type=\u00bb1_2&#8243; _builder_version=\u00bb4.27.0&#8243; _module_preset=\u00bbdefault\u00bb global_colors_info=\u00bb{}\u00bb][et_pb_image src=\u00bbhttps:\/\/www.laviadelafotografia.com\/wp-content\/uploads\/2024\/08\/Rosa-M-Capo-A.jpg\u00bb title_text=\u00bbRosa-M-Capo-A\u00bb _builder_version=\u00bb4.27.0&#8243; _module_preset=\u00bbdefault\u00bb border_width_all=\u00bb3px\u00bb border_color_all=\u00bb#FFFFFF\u00bb box_shadow_style=\u00bbpreset1&#8243; global_colors_info=\u00bb{}\u00bb][\/et_pb_image][\/et_pb_column][et_pb_column type=\u00bb1_2&#8243; _builder_version=\u00bb4.27.0&#8243; _module_preset=\u00bbdefault\u00bb global_colors_info=\u00bb{}\u00bb][et_pb_image src=\u00bbhttps:\/\/www.laviadelafotografia.com\/wp-content\/uploads\/2024\/08\/Carme-Vila-A.jpg\u00bb title_text=\u00bbOLYMPUS DIGITAL CAMERA\u00bb _builder_version=\u00bb4.27.0&#8243; _module_preset=\u00bbdefault\u00bb border_width_all=\u00bb3px\u00bb border_color_all=\u00bb#FFFFFF\u00bb box_shadow_style=\u00bbpreset1&#8243; global_colors_info=\u00bb{}\u00bb][\/et_pb_image][\/et_pb_column][\/et_pb_row][et_pb_row _builder_version=\u00bb4.16&#8243; background_size=\u00bbinitial\u00bb background_position=\u00bbtop_left\u00bb background_repeat=\u00bbrepeat\u00bb global_colors_info=\u00bb{}\u00bb][et_pb_column type=\u00bb4_4&#8243; _builder_version=\u00bb4.16&#8243; custom_padding=\u00bb|||\u00bb global_colors_info=\u00bb{}\u00bb custom_padding__hover=\u00bb|||\u00bb][et_pb_text _builder_version=\u00bb4.27.0&#8243; text_font_size=\u00bb18px\u00bb background_color=\u00bb#33797f\u00bb background_size=\u00bbinitial\u00bb background_position=\u00bbtop_left\u00bb background_repeat=\u00bbrepeat\u00bb custom_padding=\u00bb30px|30px|25px|30px|false|false\u00bb border_width_all=\u00bb3px\u00bb border_color_all=\u00bb#FFFFFF\u00bb global_colors_info=\u00bb{}\u00bb]<\/p>\n<p><span style=\"color: #ffffff;\">Las personas que nos dedicamos a ense\u00f1ar nos sentimos motivados a seguir creciendo porque sabemos que somos aprendices. Ense\u00f1ar nos ense\u00f1a y el amor a la fotograf\u00eda nos motiva a continuar. Por eso la mejor manera de formarse como profesor de la V\u00eda de la Fotograf\u00eda es recorriendo uno mismo el camino. La propia experiencia es lo que hace que conozcamos las trampas y dificultades que el alumno se encontrar\u00e1.<\/span><span style=\"color: #ffffff;\"><\/span><\/p>\n<p>[\/et_pb_text][et_pb_text _builder_version=\u00bb4.27.0&#8243; text_font_size=\u00bb18px\u00bb background_color=\u00bb#430f77&#8243; background_size=\u00bbinitial\u00bb background_position=\u00bbtop_left\u00bb background_repeat=\u00bbrepeat\u00bb custom_padding=\u00bb10px|30px|6px|30px|false|false\u00bb border_width_all=\u00bb3px\u00bb border_color_all=\u00bb#FFFFFF\u00bb global_colors_info=\u00bb{}\u00bb]<\/p>\n<h2 style=\"text-align: right;\"><a href=\"https:\/\/www.laviadelafotografia.com\/index.php\/mas-informacion\/\"><strong><span style=\"color: #ffffff;\">+ Informaci\u00f3n<\/span><\/strong><\/a><span style=\"color: #ffffff;\"><\/span><\/h2>\n<p>[\/et_pb_text][\/et_pb_column][\/et_pb_row][\/et_pb_section]<\/p>\n","protected":false},"excerpt":{"rendered":"<p>Formaci\u00f3n en \u00abla V\u00eda de la Fotograf\u00eda\u00bbNivel IInspirados por las llamadas artes zen hemos preparado un curso de formaci\u00f3n basado en el libro \u201cLa V\u00eda de la Fotograf\u00eda\u201d. Una de las principales ense\u00f1anzas zen es que el conocimiento no se adquiere a trav\u00e9s de los libros sino viviendo la experiencia. Hacer y leer nuestras fotograf\u00edas, [&hellip;]<\/p>\n","protected":false},"author":1,"featured_media":0,"parent":0,"menu_order":0,"comment_status":"closed","ping_status":"closed","template":"","meta":{"_et_pb_use_builder":"on","_et_pb_old_content":"","_et_gb_content_width":"","footnotes":""},"class_list":["post-742","page","type-page","status-publish","hentry"],"_links":{"self":[{"href":"https:\/\/www.laviadelafotografia.com\/index.php\/wp-json\/wp\/v2\/pages\/742","targetHints":{"allow":["GET"]}}],"collection":[{"href":"https:\/\/www.laviadelafotografia.com\/index.php\/wp-json\/wp\/v2\/pages"}],"about":[{"href":"https:\/\/www.laviadelafotografia.com\/index.php\/wp-json\/wp\/v2\/types\/page"}],"author":[{"embeddable":true,"href":"https:\/\/www.laviadelafotografia.com\/index.php\/wp-json\/wp\/v2\/users\/1"}],"replies":[{"embeddable":true,"href":"https:\/\/www.laviadelafotografia.com\/index.php\/wp-json\/wp\/v2\/comments?post=742"}],"version-history":[{"count":18,"href":"https:\/\/www.laviadelafotografia.com\/index.php\/wp-json\/wp\/v2\/pages\/742\/revisions"}],"predecessor-version":[{"id":813,"href":"https:\/\/www.laviadelafotografia.com\/index.php\/wp-json\/wp\/v2\/pages\/742\/revisions\/813"}],"wp:attachment":[{"href":"https:\/\/www.laviadelafotografia.com\/index.php\/wp-json\/wp\/v2\/media?parent=742"}],"curies":[{"name":"wp","href":"https:\/\/api.w.org\/{rel}","templated":true}]}}